{"id":3135,"date":"2022-03-27T15:19:54","date_gmt":"2022-03-27T13:19:54","guid":{"rendered":"https:\/\/atlantis.pl\/?page_id=3135"},"modified":"2022-04-06T13:39:19","modified_gmt":"2022-04-06T11:39:19","slug":"zarzad","status":"publish","type":"page","link":"https:\/\/atlantis.pl\/?page_id=3135","title":{"rendered":"Zarz\u0105d"},"content":{"rendered":"<div class=\"fusion-fullwidth fullwidth-box fusion-builder-row-1 fusion-flex-container nonhundred-percent-fullwidth non-hundred-percent-height-scrolling\" style=\"background-color: rgba(255,255,255,0);background-position: center center;background-repeat: no-repeat;border-width: 0px 0px 0px 0px;border-color:hsla(var(--awb-color8-h),var(--awb-color8-s),var(--awb-color8-l),calc( var(--awb-color8-a) - 92% ));border-style:solid;\" ><div class=\"fusion-builder-row fusion-row fusion-flex-align-items-flex-start\" style=\"max-width:1372.8px;margin-left: calc(-4% \/ 2 );margin-right: calc(-4% \/ 2 );\"><div class=\"fusion-layout-column fusion_builder_column fusion-builder-column-0 fusion_builder_column_1_1 1_1 fusion-flex-column\"><div class=\"fusion-column-wrapper fusion-flex-justify-content-flex-start fusion-content-layout-column\" style=\"background-position:left top;background-repeat:no-repeat;-webkit-background-size:cover;-moz-background-size:cover;-o-background-size:cover;background-size:cover;padding: 0px 0px 0px 0px;\"><div class=\"fusion-text fusion-text-1 fusion-text-no-margin\" style=\"font-size:30px;font-family:var(--awb-typography2-font-family);font-weight:var(--awb-typography2-font-weight);font-style:var(--awb-typography2-font-style);\"><p>Damian Patrowicz<\/p>\n<\/div><div class=\"fusion-text fusion-text-2 fusion-text-no-margin\" style=\"font-size:20px;color:var(--awb-color6);font-family:var(--awb-typography2-font-family);font-weight:var(--awb-typography2-font-weight);font-style:var(--awb-typography2-font-style);\"><p>Prezes Zarz\u0105du Sp\u00f3\u0142ki<\/p>\n<\/div><div class=\"fusion-separator fusion-full-width-sep\" style=\"align-self: center;margin-left: auto;margin-right: auto;margin-top:10px;margin-bottom:10px;width:100%;\"><div class=\"fusion-separator-border sep-single sep-solid\" style=\"border-color:hsla(var(--awb-color8-h),var(--awb-color8-s),var(--awb-color8-l),calc( var(--awb-color8-a) - 92% ));border-top-width:1px;\"><\/div><\/div><div class=\"fusion-text fusion-text-3 justify\"><p>Damian Patrowicz posiada wykszta\u0142cenie wy\u017csze prawnicze. Uko\u0144czy\u0142 studia na Wydziale Prawa i Administracji Uniwersytetu Warszawskiego. Od 2008 roku zwi\u0105zany z publicznym rynkiem kapita\u0142owym. Zasiada\u0142 w organach nadzoru sp\u00f3\u0142ek notowanych na GPW w Warszawie, jak r\u00f3wnie\u017c notowanych na NewConnect. Obecnie pe\u0142ni funkcje Prezesa Zarz\u0105du sp\u00f3\u0142ek europejskich: FON SE oraz Investment Friends Capital SE notowanych na Gie\u0142dzie Papier\u00f3w Warto\u015bciowych w Warszawie, a tak\u017ce Komplementariusza dla Sp\u00f3\u0142ek: Nova Gielda U\u00dc i Damar Patro U\u00dc oraz funkcj\u0119 Cz\u0142onka Zarz\u0105du dla Sp\u00f3\u0142ki: Patro Invest O\u00dc. Ponadto Pan Damian pe\u0142ni funkcj\u0119 Cz\u0142onka Rad Nadzorczych w podmiotach: ELKOP S.A., Damf Inwestycje S.A., Iferia S.A. oraz Wiceprezesa Zarz\u0105du w Stowarzyszeniu Inwestor\u00f3w Gie\u0142dowych. Sp\u00f3\u0142ki w kt\u00f3rych Pan Damian zasiada w organach nadzoruj\u0105cych lub zarz\u0105dzaj\u0105cych s\u0105 pod sta\u0142ym nadzorem Komisji Nadzoru Finansowego w Polsce lub Finantsinspektsioon w Estonii. Pan Damian jest aktywnie zwi\u0105zany z rynkiem finansowym oraz posiada du\u017ce do\u015bwiadczenie z obszaru nieruchomo\u015bci komercyjnych i udzielania wysokokwotowych po\u017cyczek pieni\u0119\u017cnych.<\/p>\n<p>Pan Damian Patrowicz nie jest wpisany do Rejestru D\u0142u\u017cnik\u00f3w Niewyp\u0142acalnych, prowadzonym na podstawie ustawy o KRS.<\/p>\n<\/div><\/div><style type=\"text\/css\">.fusion-body .fusion-builder-column-0{width:100% !important;margin-top : 0px;margin-bottom : 20px;}.fusion-builder-column-0 > .fusion-column-wrapper {padding-top : 0px !important;padding-right : 0px !important;margin-right : 1.92%;padding-bottom : 0px !important;padding-left : 0px !important;margin-left : 1.92%;}@media only screen and (max-width:1024px) {.fusion-body .fusion-builder-column-0{width:100% !important;order : 0;}.fusion-builder-column-0 > .fusion-column-wrapper {margin-right : 1.92%;margin-left : 1.92%;}}@media only screen and (max-width:640px) {.fusion-body .fusion-builder-column-0{width:100% !important;order : 0;}.fusion-builder-column-0 > .fusion-column-wrapper {margin-right : 1.92%;margin-left : 1.92%;}}<\/style><\/div><\/div><style type=\"text\/css\">.fusion-body .fusion-flex-container.fusion-builder-row-1{ padding-top : 0px;margin-top : 0px;padding-right : 0px;padding-bottom : 0px;margin-bottom : 0px;padding-left : 0px;}<\/style><\/div>\n","protected":false},"excerpt":{"rendered":"","protected":false},"author":3,"featured_media":0,"parent":3121,"menu_order":10,"comment_status":"closed","ping_status":"closed","template":"","meta":{"footnotes":""},"class_list":["post-3135","page","type-page","status-publish","hentry"],"_links":{"self":[{"href":"https:\/\/atlantis.pl\/index.php?rest_route=\/wp\/v2\/pages\/3135","targetHints":{"allow":["GET"]}}],"collection":[{"href":"https:\/\/atlantis.pl\/index.php?rest_route=\/wp\/v2\/pages"}],"about":[{"href":"https:\/\/atlantis.pl\/index.php?rest_route=\/wp\/v2\/types\/page"}],"author":[{"embeddable":true,"href":"https:\/\/atlantis.pl\/index.php?rest_route=\/wp\/v2\/users\/3"}],"replies":[{"embeddable":true,"href":"https:\/\/atlantis.pl\/index.php?rest_route=%2Fwp%2Fv2%2Fcomments&post=3135"}],"version-history":[{"count":5,"href":"https:\/\/atlantis.pl\/index.php?rest_route=\/wp\/v2\/pages\/3135\/revisions"}],"predecessor-version":[{"id":4029,"href":"https:\/\/atlantis.pl\/index.php?rest_route=\/wp\/v2\/pages\/3135\/revisions\/4029"}],"up":[{"embeddable":true,"href":"https:\/\/atlantis.pl\/index.php?rest_route=\/wp\/v2\/pages\/3121"}],"wp:attachment":[{"href":"https:\/\/atlantis.pl\/index.php?rest_route=%2Fwp%2Fv2%2Fmedia&parent=3135"}],"curies":[{"name":"wp","href":"https:\/\/api.w.org\/{rel}","templated":true}]}}